 n - 9. Suppose -b + 5*b = 20, n*h - 1005 = 4*b. Is h a composite number?
True
Let a(i) = -66*i - 3. Let q(r) = 3*r**3 - 2*r - 1. Let p = -8 + 7. Let z be q(p). Is a(z) a prime number?
False
Let u(l) = -l**3 + l**2 - l + 6. Let g be u(0). Is ((-44)/g)/((-6)/9) a composite number?
False
Let i = -12 - -7. Is 2/5 - 483/i a composite number?
False
Let l be ((-2)/2)/((-2)/(-22)). Let r = 22 + l. Is r composite?
False
Suppose 5*r - 24 = 26. Let x = r - 7. Is x composite?
False
Let w(p) = 4*p**3 - p**2 + 1. Let t be w(1). Suppose -t*z + 9*z = -5*l, 0 = -z + 3*l + 8. Is z composite?
False
Suppose -c + 4*z = -5*c + 13980, 6966 = 2*c - 4*z. Is c prime?
True
Let s(g) = 31*g**3 + 2*g**2 - g. Is s(2) a prime number?
False
Let z(d) be the second derivative of -23*d**3/6 - 7*d**2/2 - 2*d. Let w(g) = -g**3 + 3*g**2 + 2*g + 2. Let n be w(4). Is z(n) a prime number?
True
Let c(x) = -10*x + 6. Let r be c(-3). Suppose 6 + r = 2*l + 5*j, 5*j + 51 = l. Is l composite?
False
Suppose 6 = 3*j - 6. Let t(q) = -8*q - 5. Let k(u) = -u. Let n(b) = 4*k(b) - t(b). Is n(j) a composite number?
True
Let h = -885 + 1250. Is (-2)/8 - h/(-4) prime?
False
Let v = 5 + -2. Suppose -v*n = -23 - 277. Suppose 0*z - n = -4*z. Is z prime?
False
Suppose -4*f = -141 - 715. Is f prime?
False
Suppose -3*v - d - 18 = -5*d, 6 = -v + 2*d. Let t(g) = g**2 + 6*g - 3. Let z be t(v). Is -3 + (-3)/z - -9 composite?
False
Suppose 4*t = 8*t. Let n = -7 - -9. Suppose -3*w - n*w + 125 = t. Is w prime?
False
Let j be ((-446)/(-4))/(4/8). Suppose 4*z = o + 3*z - 112, 2*o - 3*z - j = 0. Is o composite?
False
Let t(n) = n**2 + 11*n. Let v be t(-11). Let x(g) = -g**2 + g + 26. Is x(v) a prime number?
False
Let p(z) be the third derivative of z**5/30 - z**4/8 - z**2. Let g be p(2). Let h = g + 4. Is h composite?
True
Let k = -8 + 15. Suppose -4*r - k + 339 = 0. Is r a composite number?
False
Let v(o) = 8*o - 9*o + 11 + 14*o. Let m(j) = -13*j - 10. Let x(p) = 7*m(p) + 6*v(p). Is x(-3) a composite number?
True
Let r = 31 - 16. Is 5/(r/(-9)) - -544 a composite number?
False
Let j(u) = 3*u**3 - 5*u**2 - 13*u + 5. Is j(8) composite?
False
Let q be 9/(4 + -1) - 1. Suppose 0*w = 2*w. Suppose -f = -w*f, -y + q*f = -35. Is y prime?
False
Let v(k) = k**3 - 9*k**2 + 5*k + 4. Suppose 5*q - 2*t + 1 = 4*q, 3*t - 51 = -4*q. Let h be v(q). Suppose -i = 3*p - h, i + 4*i - 5*p - 245 = 0. Is i prime?
False
Let b(v) = -9*v + 22. Let x(j) = j**2 + 19*j - 45. Let m(g) = 13*b(g) + 6*x(g). Is m(-7) composite?
False
Suppose 24*c - 19*c = 1595. Is c a composite number?
True
Is (62/14 - 4) + 5198/7 composite?
False
Suppose 2*v - 7*q = -3*q + 4950, -3*v = -3*q - 7437. Is v prime?
False
Suppose -k - 1194 = -7*k. Is k prime?
True
Suppose 2 = -4*m - 2*p, -3*m + 8*p - 3*p = -5. Suppose -443 = -4*g - 3*n, 5*g - 5*n - 580 = -m*n. Is g a prime number?
True
Let k(o) = 8*o**2 - 6*o + 5. Is k(-5) prime?
False
Let m be ((-2)/3)/(4/6). Let f be m/4 + (-20)/(-16). Let z = 5 + f. Is z a prime number?
False
Let w = 14 - 13. Let s(k) = 71*k. Is s(w) a composite number?
False
Let y be 1 - -3*(-2)/6. Suppose 3*x = 5*t - 384, y*t + 4*t - 318 = -3*x. Is t/9*9/2 a prime number?
False
Let a(v) = -v**3 - 8*v**2 - 7*v - 2. Suppose 18 + 10 = -4*h - 5*f, 3*h + 21 = -5*f. Let i be a(h). Is 495/6*i/(-3) a composite number?
True
Let z be -2*(0 + -3 - -2). Suppose z*g - 447 = -g. Is g a prime number?
True
Is ((-2838)/(-4) - 4) + (-9)/(-6) a prime number?
False
Let o(b) = -3*b**3 + 3*b**2 + 5*b + 6. Suppose -2*a - 15 = a. Is o(a) a composite number?
False
Let r be (-3)/(3*(-1)/38). Suppose -r - 120 = -2*x. Is x a composite number?
False
Let f be (-2 - (-20)/8)*82. Suppose -2*w + 27 + f = 0. Is w composite?
True
Suppose -f = 3*w + 4*f - 13518, -2*w = 3*f - 9011. Is w composite?
True
Let p(b) = 18*b**2 - b - 4. Is p(-3) prime?
False
Suppose -2*z = 4*j - 10 - 16, j + 2*z = 8. Let i(t) be the third derivative of t**5/60 - t**4/12 - t**3/3 + 8*t**2. Is i(j) composite?
True
Let d = 21 + -14. Suppose -d*o = -4*o - 42. Is o prime?
False
Suppose -5*j = -16 - 109. Suppose -j = 7*r - 2*r. Let o(w) = -7*w - 1. Is o(r) a prime number?
False
Is (-591)/(-6) - 6/4 prime?
True
Suppose -4*v = -7 - 101. Let m be -5*29*(-2)/5. Suppose j - v = -k, k + k - m = -j. Is k a prime number?
True
Let f(j) = -j**3 + j + 8. Let a be f(0). Suppose 2*i - 14 = -5*p, p + 5*i - a = 2*p. Suppose p*r - 4*d = 38, -r = 5*d - 13 - 6. Is r a prime number?
True
Let v(i) = i**2 - 1. Let u(h) = -6*h**2 + 4*h. Suppose -c - 2 = -1. Let d(p) = c*u(p) - 5*v(p). Is d(5) composite?
True
Let j = 5 - 8. Let q = 1 - j. Suppose 0*l - n = q*l - 45, 0 = 5*n - 25. Is l prime?
False
Suppose 0 = 5*k - 10, -5*d = -d + k - 1490. Suppose 0 = -5*t + d + 263. Is t a composite number?
False
Is -2*((-2 + 3491)/(-3))/2 prime?
True
Is (24/9 - 3)*(-881 + 2) prime?
True
Suppose 2*g - 3*u = -5, 25 = 5*g + 2*u + 3*u. Let l(n) = -7*n - 2 + 1 - 2 - g. Is l(-6) composite?
False
Suppose 0 = -5*y - 2*c - 164, -2*c = -5*c - 6. Is 2 + 1 - y - -3 a composite number?
True
Let u = -10 + 8. Is (662/3)/(u/(-3)) prime?
True
Let n(m) = 2*m - 4. Let h(q) = 4*q - 9. Let x(d) = 2*h(d) - 5*n(d). Let o be x(8). Is (-4)/o - 710/(-14) prime?
False
Let h(u) = -162*u**3 - 2*u**2 - 2*u - 1. Is h(-1) a composite number?
True
Suppose 0 = -5*d - 54 - 36. Is 12/d*(-705)/2 a composite number?
True
Suppose 3*j + 1348 = 7*j. Is j a prime number?
True
Let c = -10 - -12. Let h(n) = -2*n**3 - 2*n - 5*n**c - 2 + 0*n - 1. Is h(-4) a composite number?
False
Let p = 73 + -52. Is p prime?
False
Suppose 0 = 3*w + 5*x - 4, 6*w - 4*w - 4 = -2*x. Suppose -7*d + w*d = -268. Is d a prime number?
True
Suppose -2*c + 12 = 2*u, 2*c - 2*u - 3*u + 9 = 0. Suppose c*w = 5*w - 944. Suppose -3*v + w = v. Is v a composite number?
True
Let h = -1 + 4. Let w = 5 - h. Is 9 + 2 + (0 - w) composite?
True
Let f = 8 + -24. Let r = f - -51. Is r a composite number?
True
Is (109 + (-2 - -2))/1 a composite number?
False
Is 184 - (0 + (0 - 1)) a prime number?
False
Let g(v) = -3*v**2 - 10*v + 1. Let n be g(-7). Let i = n + 131. Suppose -11 = -w - 2*o + o, 0 = 5*w - 3*o - i. Is w composite?
False
Let t(d) = d**2 + 14*d - 11. Let q be t(12). Suppose 5*x + q = 1946. Is x a composite number?
True
Suppose 2*q + 5*b + 2 = 0, 26 = q + 4*q - 3*b. Suppose -q*v + 12 = -0. Suppose o = v + 1. Is o a prime number?
False
Let p = 138 - -1. Is p composite?
False
Let d(s) = 24*s**3 - 2*s**2 + 7*s - 10. Is d(3) a composite number?
False
Let g = 79 + 63. Let c = 213 - g. Is c a prime number?
True
Let r = 67 - 75. Let c(g) = -23*g + 0*g**2 - g**2 + 3*g - 9. Is c(r) prime?
False
Is 7/(-1 - (-12)/10) a prime number?
False
Let p(h) = -6*h - 9. Let f(a) be the second derivative of -a**4/12 + a**3/6 + 5*a**2/2 - a. Let i be f(4). Is p(i) composite?
True
Suppose -c - 1392 = -4*v + 3*c, -3*c = v - 336. Suppose v = 4*d + d. Suppose 2*p + 5*g = -3*p + 325, g = p - d. Is p a prime number?
True
Let h(j) = j**3 - 4*j**2 + 2*j + 2. Let q(x) = 2*x**3 - 8*x**2 + 4*x + 3. Let t(o) = 9*h(o) - 4*q(o). Let u be t(5). Suppose n - 12 = u. Is n a prime number?
True
Let x be 23/(-2)*4*-2. Let r = x - 59. Is r composite?
True
Let d(a) = -5*a - 1 + 0*a - a**2 + 5*a - 2*a - 267*a**3. Is d(-1) a prime number?
False
Suppose 0 = -4*v + 3*v + 23. Is v a composite number?
False
Is 1214/10 + 6/(-15) prime?
False
Let j(k) = 3*k - 3. Let u be j(-5). Is (-278)/(-5) - u/(-30) a composite number?
True
Suppose 4*t - 252 = -2*w, 150 = 2*w - w - 4*t. Is w a prime number?
False
Is (-15)/(-10)*(-15448)/(-12) prime?
True
Let m = 67 - -272. Is m composite?
True
Let p(a) = 5*a**2 + a**2 + 1 - a**3 - 6*a + 3*a**2. Is p(7) a prime number?
False
Let a(q) = q**3 - 2*q + 1. Let k be a(2). Let i(x) = x - 11. Let t be i(k). Let p(d) = -5*d + 7. Is p(t) prime?
True
Suppose 4*s = 3*s - 2, 0 = o + 3*s + 21. Let r be o/(6/(-2)) - 0. Suppose 5*j = -5*g + 85, 47 = 3*j + r*g - 3*g. Is j a prime number?
True
Suppose 0 = 7*m - 2224 - 3033. Is m prime?
True
Suppose 995 = 5*b - 2*b - n, 0 = 5*b - n - 1657. Is b prime?
True
Suppose 5*b + 2*i - 25 = -8, -5*i = 20. Let g be 256 - 2*1/2. Suppose 0 = -4*o + b*y + 204, 3*y = -5*o - 2*y + g. Is o prime?
False
Suppose 5*y + 3080 = 5*c, -y = y + 4. Is c a composite number?
True
Let q(t) = -12*t - 7. Let s = -2 + -5. Is q(s) composite?
Tru